{"id":12011,"date":"2023-07-04T09:00:09","date_gmt":"2023-07-04T13:00:09","guid":{"rendered":"https:\/\/caf-fca.org\/?post_type=media_overview&#038;p=12011"},"modified":"2023-06-28T09:42:42","modified_gmt":"2023-06-28T13:42:42","slug":"le-fca-caf-profitera-de-lelan-du-mouvement-des-femmes-dans-les-metiers-pour-apporter-des-changements-aux-autres-travailleurs-specialises-sous-representes","status":"publish","type":"media_overview","link":"https:\/\/caf-fca.org\/fr\/media_overview\/le-fca-caf-profitera-de-lelan-du-mouvement-des-femmes-dans-les-metiers-pour-apporter-des-changements-aux-autres-travailleurs-specialises-sous-representes\/","title":{"rendered":"Le FCA-CAF profitera de l&#8217;\u00e9lan du mouvement des femmes dans les m\u00e9tiers pour apporter des changements aux autres travailleurs sp\u00e9cialis\u00e9s sous-repr\u00e9sent\u00e9s"},"content":{"rendered":"","protected":false},"featured_media":0,"template":"","media_overview_categories":[220],"class_list":{"0":"post-12011","1":"media_overview","2":"type-media_overview","3":"status-publish","5":"media_overview_categories-communique-de-presse","6":"entry"},"acf":[],"_links":{"self":[{"href":"https:\/\/caf-fca.org\/fr\/wp-json\/wp\/v2\/media_overview\/12011"}],"collection":[{"href":"https:\/\/caf-fca.org\/fr\/wp-json\/wp\/v2\/media_overview"}],"about":[{"href":"https:\/\/caf-fca.org\/fr\/wp-json\/wp\/v2\/types\/media_overview"}],"wp:attachment":[{"href":"https:\/\/caf-fca.org\/fr\/wp-json\/wp\/v2\/media?parent=12011"}],"wp:term":[{"taxonomy":"media_overview_categories","embeddable":true,"href":"https:\/\/caf-fca.org\/fr\/wp-json\/wp\/v2\/media_overview_categories?post=12011"}],"curies":[{"name":"wp","href":"https:\/\/api.w.org\/{rel}","templated":true}]}}

Le FCA-CAF profitera de l&#8217;élan du mouvement des femmes dans les métiers pour apporter des changements aux autres travailleurs spécialisés sous-représentés
