{"id":13492,"date":"2024-06-04T18:00:29","date_gmt":"2024-06-04T22:00:29","guid":{"rendered":"https:\/\/caf-fca.org\/?post_type=media_overview&#038;p=13492"},"modified":"2024-05-30T12:01:57","modified_gmt":"2024-05-30T16:01:57","slug":"le-fca-caf-devoile-trades-talent-un-service-revolutionnaire-de-mise-en-relation-des-conferenciers-a-la-conference-nationale-sur-lapprentissage-2024","status":"publish","type":"media_overview","link":"https:\/\/caf-fca.org\/fr\/media_overview\/le-fca-caf-devoile-trades-talent-un-service-revolutionnaire-de-mise-en-relation-des-conferenciers-a-la-conference-nationale-sur-lapprentissage-2024\/","title":{"rendered":"Le FCA-CAF d\u00e9voile Trades Talent &#8211; un service r\u00e9volutionnaire de mise en relation des conf\u00e9renciers \u00e0 la Conf\u00e9rence nationale sur l&#8217;apprentissage 2024"},"content":{"rendered":"","protected":false},"featured_media":0,"template":"","media_overview_categories":[220],"class_list":{"0":"post-13492","1":"media_overview","2":"type-media_overview","3":"status-publish","5":"media_overview_categories-communique-de-presse","6":"entry"},"acf":[],"_links":{"self":[{"href":"https:\/\/caf-fca.org\/fr\/wp-json\/wp\/v2\/media_overview\/13492"}],"collection":[{"href":"https:\/\/caf-fca.org\/fr\/wp-json\/wp\/v2\/media_overview"}],"about":[{"href":"https:\/\/caf-fca.org\/fr\/wp-json\/wp\/v2\/types\/media_overview"}],"wp:attachment":[{"href":"https:\/\/caf-fca.org\/fr\/wp-json\/wp\/v2\/media?parent=13492"}],"wp:term":[{"taxonomy":"media_overview_categories","embeddable":true,"href":"https:\/\/caf-fca.org\/fr\/wp-json\/wp\/v2\/media_overview_categories?post=13492"}],"curies":[{"name":"wp","href":"https:\/\/api.w.org\/{rel}","templated":true}]}}

Le FCA-CAF dévoile Trades Talent &#8211; un service révolutionnaire de mise en relation des conférenciers à la Conférence nationale sur l&#8217;apprentissage 2024
