{"id":15764,"date":"2026-04-28T18:16:14","date_gmt":"2026-04-28T22:16:14","guid":{"rendered":"https:\/\/caf-fca.org\/?post_type=media_overview&#038;p=15764"},"modified":"2026-04-28T18:20:24","modified_gmt":"2026-04-28T22:20:24","slug":"la-caf-fca-salue-les-investissements-federaux-en-faveur-de-lapprentissage-et-insiste-pour-que-laccent-soit-mis-sur-leur-mise-en-oeuvre","status":"publish","type":"media_overview","link":"https:\/\/caf-fca.org\/fr\/media_overview\/la-caf-fca-salue-les-investissements-federaux-en-faveur-de-lapprentissage-et-insiste-pour-que-laccent-soit-mis-sur-leur-mise-en-oeuvre\/","title":{"rendered":"La CAF-FCA salue les investissements f\u00e9d\u00e9raux en faveur de l&#8217;apprentissage et insiste pour que l&#8217;accent soit mis sur leur mise en \u0153uvre"},"content":{"rendered":"","protected":false},"featured_media":0,"template":"","media_overview_categories":[],"class_list":{"0":"post-15764","1":"media_overview","2":"type-media_overview","3":"status-publish","5":"entry"},"acf":[],"_links":{"self":[{"href":"https:\/\/caf-fca.org\/fr\/wp-json\/wp\/v2\/media_overview\/15764"}],"collection":[{"href":"https:\/\/caf-fca.org\/fr\/wp-json\/wp\/v2\/media_overview"}],"about":[{"href":"https:\/\/caf-fca.org\/fr\/wp-json\/wp\/v2\/types\/media_overview"}],"wp:attachment":[{"href":"https:\/\/caf-fca.org\/fr\/wp-json\/wp\/v2\/media?parent=15764"}],"wp:term":[{"taxonomy":"media_overview_categories","embeddable":true,"href":"https:\/\/caf-fca.org\/fr\/wp-json\/wp\/v2\/media_overview_categories?post=15764"}],"curies":[{"name":"wp","href":"https:\/\/api.w.org\/{rel}","templated":true}]}}

La CAF-FCA salue les investissements fédéraux en faveur de l&#8217;apprentissage et insiste pour que l&#8217;accent soit mis sur leur mise en œuvre
