{"id":5048,"date":"2022-06-27T18:55:40","date_gmt":"2022-06-27T18:55:40","guid":{"rendered":"https:\/\/caf-fca.org\/?post_type=media_overview&#038;p=5048"},"modified":"2022-06-27T18:55:40","modified_gmt":"2022-06-27T18:55:40","slug":"attitudes-des-parents-immigrants-a-legard-des-carrieres-dans-les-metiers-specialises-2","status":"publish","type":"media_overview","link":"https:\/\/caf-fca.org\/fr\/media_overview\/attitudes-des-parents-immigrants-a-legard-des-carrieres-dans-les-metiers-specialises-2\/","title":{"rendered":"Attitudes des parents immigrants \u00e0 l&#8217;\u00e9gard des carri\u00e8res dans les m\u00e9tiers sp\u00e9cialis\u00e9s"},"content":{"rendered":"","protected":false},"featured_media":0,"template":"","media_overview_categories":[],"class_list":{"0":"post-5048","1":"media_overview","2":"type-media_overview","3":"status-publish","5":"entry"},"acf":[],"_links":{"self":[{"href":"https:\/\/caf-fca.org\/fr\/wp-json\/wp\/v2\/media_overview\/5048"}],"collection":[{"href":"https:\/\/caf-fca.org\/fr\/wp-json\/wp\/v2\/media_overview"}],"about":[{"href":"https:\/\/caf-fca.org\/fr\/wp-json\/wp\/v2\/types\/media_overview"}],"wp:attachment":[{"href":"https:\/\/caf-fca.org\/fr\/wp-json\/wp\/v2\/media?parent=5048"}],"wp:term":[{"taxonomy":"media_overview_categories","embeddable":true,"href":"https:\/\/caf-fca.org\/fr\/wp-json\/wp\/v2\/media_overview_categories?post=5048"}],"curies":[{"name":"wp","href":"https:\/\/api.w.org\/{rel}","templated":true}]}}

Attitudes des parents immigrants à l&#8217;égard des carrières dans les métiers spécialisés
