{"id":12649,"date":"2023-11-27T12:01:39","date_gmt":"2023-11-27T17:01:39","guid":{"rendered":"https:\/\/caf-fca.org\/?post_type=research_reports&#038;p=12649"},"modified":"2023-11-27T12:03:02","modified_gmt":"2023-11-27T17:03:02","slug":"comprendre-la-consommation-de-substances-chez-les-apprentis-des-metiers-specialises","status":"publish","type":"research_reports","link":"https:\/\/caf-fca.org\/fr\/research_reports\/comprendre-la-consommation-de-substances-chez-les-apprentis-des-metiers-specialises\/","title":{"rendered":"Comprendre la consommation de substances chez les apprentis des m\u00e9tiers sp\u00e9cialis\u00e9s"},"content":{"rendered":"","protected":false},"featured_media":12652,"template":"","research_type":[38],"class_list":{"0":"post-12649","1":"research_reports","2":"type-research_reports","3":"status-publish","4":"has-post-thumbnail","6":"research_type-mobilisation-des-jeunes","7":"entry"},"acf":[],"_links":{"self":[{"href":"https:\/\/caf-fca.org\/fr\/wp-json\/wp\/v2\/research_reports\/12649"}],"collection":[{"href":"https:\/\/caf-fca.org\/fr\/wp-json\/wp\/v2\/research_reports"}],"about":[{"href":"https:\/\/caf-fca.org\/fr\/wp-json\/wp\/v2\/types\/research_reports"}],"wp:featuredmedia":[{"embeddable":true,"href":"https:\/\/caf-fca.org\/fr\/wp-json\/wp\/v2\/media\/12652"}],"wp:attachment":[{"href":"https:\/\/caf-fca.org\/fr\/wp-json\/wp\/v2\/media?parent=12649"}],"wp:term":[{"taxonomy":"research_type","embeddable":true,"href":"https:\/\/caf-fca.org\/fr\/wp-json\/wp\/v2\/research_type?post=12649"}],"curies":[{"name":"wp","href":"https:\/\/api.w.org\/{rel}","templated":true}]}}

Comprendre la consommation de substances chez les apprentis des métiers spécialisés
